the prime factors of 1952758?
2, 929, 1051
What are the prime factors of 3456224?
2, 108007
What are the prime factors of 981278?
2, 179, 2741
List the prime factors of 4363200.
2, 3, 5, 101
List the prime factors of 3590071.
397, 9043
What are the prime factors of 446460?
2, 3, 5, 7, 1063
What are the prime factors of 5964711?
3, 1988237
List the prime factors of 8593705.
5, 107, 16063
List the prime factors of 1468352.
2, 22943
What are the prime factors of 506270?
2, 5, 50627
List the prime factors of 59479.
7, 29, 293
What are the prime factors of 292149?
3, 11, 13, 227
List the prime factors of 540607.
19, 37, 769
What are the prime factors of 3106005?
3, 5, 7, 29581
What are the prime factors of 10136968?
2, 1267121
List the prime factors of 8140984.
2, 1017623
List the prime factors of 4017854.
2, 19, 105733
What are the prime factors of 760223?
17, 197, 227
List the prime factors of 353859.
3, 11, 10723
What are the prime factors of 741183?
3, 17, 14533
List the prime factors of 3342816.
2, 3, 53, 73
List the prime factors of 49210.
2, 5, 7, 19, 37
What are the prime factors of 12573?
3, 11, 127
What are the prime factors of 216828?
2, 3, 19, 317
List the prime factors of 19084.
2, 13, 367
What are the prime factors of 5364770?
2, 5, 73, 7349
What are the prime factors of 94131?
3, 10459
What are the prime factors of 952321?
43, 22147
What are the prime factors of 339426?
2, 3, 109, 173
List the prime factors of 5904170.
2, 5, 131, 4507
What are the prime factors of 1747198?
2, 53, 311
What are the prime factors of 421563?
3, 140521
List the prime factors of 160350.
2, 3, 5, 1069
List the prime factors of 27541336.
2, 19, 181193
List the prime factors of 18346074.
2, 3, 47, 67, 971
List the prime factors of 9627951.
3, 3209317
What are the prime factors of 270185?
5, 54037
What are the prime factors of 195199?
29, 53, 127
List the prime factors of 675058.
2, 337529
List the prime factors of 482661.
3, 53629
List the prime factors of 3779166.
2, 3, 629861
What are the prime factors of 75287?
79, 953
List the prime factors of 2004520.
2, 5, 7, 7159
What are the prime factors of 383493?
3, 11, 11621
What are the prime factors of 819303?
3, 41, 6661
List the prime factors of 756564.
2, 3, 67, 941
List the prime factors of 131852.
2, 7, 17, 277
What are the prime factors of 218726?
2, 109363
What are the prime factors of 254096?
2, 15881
List the prime factors of 196069.
29, 6761
What are the prime factors of 5125513?
5125513
List the prime factors of 8342291.
17, 97, 5059
What are the prime factors of 937022?
2, 257, 1823
List the prime factors of 9180255.
3, 5, 7, 17, 37, 139
List the prime factors of 702185.
5, 11, 17, 751
List the prime factors of 8265326.
2, 23, 47, 3823
What are the prime factors of 219030?
2, 3, 5, 7, 149
List the prime factors of 985947.
3, 43, 7643
List the prime factors of 87403.
87403
What are the prime factors of 1396865?
5, 337, 829
List the prime factors of 2685210.
2, 3, 5, 11, 79, 103
List the prime factors of 517629.
3, 7, 157
List the prime factors of 604095.
3, 5, 17, 23, 103
What are the prime factors of 80361?
3, 8929
List the prime factors of 2604240.
2, 3, 5, 3617
What are the prime factors of 252155?
5, 29, 37, 47
What are the prime factors of 14005881?
3, 67, 23227
What are the prime factors of 245874?
2, 3, 43, 953
List the prime factors of 6661479.
3, 11, 337, 599
What are the prime factors of 1051859?
19, 23, 29, 83
List the prime factors of 196778.
2, 98389
What are the prime factors of 85815?
3, 5, 1907
List the prime factors of 3303678.
2, 3, 7, 17, 661
List the prime factors of 8293632.
2, 3, 10799
What are the prime factors of 17085439?
7, 107, 22811
List the prime factors of 144307.
144307
What are the prime factors of 117572?
2, 7, 13, 17, 19
What are the prime factors of 201901?
7, 28843
What are the prime factors of 786008?
2, 98251
List the prime factors of 5281120.
2, 5, 13, 2539
List the prime factors of 1292729.
1292729
List the prime factors of 3122948.
2, 37, 21101
What are the prime factors of 1914498?
2, 3, 31, 47, 73
List the prime factors of 8503.
11, 773
List the prime factors of 92775.
3, 5, 1237
What are the prime factors of 1094077?
19, 89, 647
What are the prime factors of 268515?
3, 5, 13, 17
List the prime factors of 840667.
17, 49451
List the prime factors of 390935.
5, 41, 1907
What are the prime factors of 4495963?
1619, 2777
List the prime factors of 807914.
2, 403957
What are the prime factors of 14466133?
11, 17, 77359
What are the prime factors of 62105?
5, 12421
List the prime factors of 15046237.
15046237
List the prime factors of 163751.
7, 149, 157
What are the prime factors of 273930?
2, 3, 5, 23, 397
What are the prime factors of 549479?
7, 78497
List the prime factors of 3285274.
2, 23, 71419
What are the prime factors of 115759?
7, 23, 719
List the prime factors of 1549460.
2, 5, 11, 7043
What are the prime factors of 321226?
2, 61, 2633
List the prime factors of 1104087.
3, 368029
What are the prime factors of 8752678?
2, 11, 397849
What are the prime factors of 7075975?
5, 349, 811
List the prime factors of 4154045.
5, 7, 118687
List the prime factors of 15767850.
2, 3, 5, 7, 15017
List the prime factors of 707206.
2, 353603
What are the prime factors of 105819?
3, 7, 5039
What are the prime factors of 790391?
7, 112913
What are the prime factors of 8906239?
8906239
What are the prime factors of 10323908?
2, 7, 52673
List the prime factors of 1173875.
5, 9391
List the prime factors of 118747.
118747
List the prime factors of 7473804.
2, 3, 13, 23, 2083
What are the prime factors of 599341?
599341
What are the prime factors of 290348?
2, 29, 2503
What are the prime factors of 1490834?
2, 137, 5441
What are the prime factors of 5810705?
5, 331, 3511
List the prime factors of 2284672.
2, 13, 1373
List the prime factors of 9858444.
2, 3, 23, 1553
What are the prime factors of 988898?
2, 503, 983
What are the prime factors of 2406703?
13, 185131
What are the prime factors of 2246749?
2246749
List the prime factors of 4313823.
3, 991, 1451
List the prime factors of 1899354.
2, 3, 19, 16661
List the prime factors of 349209.
3, 7, 23, 241
List the prime factors of 932628.
2, 3, 77719
What are the prime factors of 132075?
3, 5, 587
List the prime factors of 1008288.
2, 3, 389
What are the prime factors of 226332?
2, 3, 6287
List the prime factors of 437434.
2, 218717
What are the prime factors of 570045?
3, 5, 7, 61, 89
List the prime factors of 624033.
3, 69337
List the prime factors of 153249.
3, 23, 2221
What are the prime factors of 474276?
2, 3, 11, 3593
What are the prime factors of 16006982?
2, 8003491
List the prime factors of 307409.
307409
What are the prime factors of 172042?
2, 13, 509
List the prime factors of 2846.
2, 1423
What are the prime factors of 5353655?
5, 443, 2417
What are the prime factors of 22222449?
3, 2469161
List the prime factors of 3338103.
3, 17, 29, 37, 61
List the prime factors of 961935.
3, 5, 13, 4933
List the prime factors of 8449355.
5, 71, 23801
List the prime factors of 432991.
13, 19, 1753
What are the prime factors of 10365?
3, 5, 691
List the prime factors of 1082756.
2, 270689
List the prime factors of 260540.
2, 5, 7, 1861
What are the prime factors of 18697799?
79, 236681
What are the prime factors of 16826470?
2, 5, 47, 35801
What are the prime factors of 251257?
251257
List the prime factors of 1672245.
3, 5, 4129
List the prime factors of 372155.
5, 7, 31
What are the prime factors of 215756?
2, 53939
What are the prime factors of 4143336?
2, 3, 31, 5569
What are the prime factors of 4737?
3, 1579
What are the prime factors of 18545792?
2, 144889
List the prime factors of 145055.
5, 67, 433
What are the prime factors of 6221390?
2, 5, 7, 31, 47, 61
What are the prime factors of 1118172?
2, 3, 11, 43, 197
What are the prime factors of 262376?
2, 32797
List the prime factors of 216250.
2, 5, 173
What are the prime factors of 22383138?
2, 3, 97, 38459
What are the prime factors of 2097822?
2, 3, 349637
List the prime factors of 22274656.
2, 696083
List the prime factors of 16519025.
5, 719, 919
What are the prime factors of 327453?
3, 7, 31, 503
What are the prime factors of 36599823?
3, 13, 617
What are the pri